{"id":3494,"date":"2021-12-09T06:09:42","date_gmt":"2021-12-09T06:09:42","guid":{"rendered":"https:\/\/medicate.peacefulqode.com\/?page_id=3494"},"modified":"2022-08-08T17:36:35","modified_gmt":"2022-08-08T13:36:35","slug":"immunologiya","status":"publish","type":"page","link":"https:\/\/saglamhayat.az\/?page_id=3494","title":{"rendered":"\u0130mmunologiya"},"content":{"rendered":"\t\t<div data-elementor-type=\"wp-page\" data-elementor-id=\"3494\" class=\"elementor elementor-3494\">\n\t\t\t\t\t\t<div class=\"elementor-section elementor-top-section elementor-element elementor-element-5256a7e elementor-section-stretched elementor-section-boxed elementor-section-height-default elementor-section-height-default\" data-id=\"5256a7e\" data-element_type=\"section\" data-e-type=\"section\" data-settings=\"{&quot;stretch_section&quot;:&quot;section-stretched&quot;}\">\n\t\t\t\t\t\t<div class=\"elementor-container elementor-column-gap-default\">\n\t\t\t\t\t<div class=\"elementor-column elementor-col-33 elementor-top-column elementor-element elementor-element-1d1379c\" data-id=\"1d1379c\" data-element_type=\"column\" data-e-type=\"column\">\n\t\t\t<div class=\"elementor-widget-wrap elementor-element-populated\">\n\t\t\t\t\t\t<div class=\"elementor-element elementor-element-ee0a014 elementor-widget elementor-widget-sidebar\" data-id=\"ee0a014\" data-element_type=\"widget\" data-e-type=\"widget\" data-widget_type=\"sidebar.default\">\n\t\t\t\t<div class=\"elementor-widget-container\">\n\t\t\t\t\t<div class=\"widget widget-port\"><div class=\"menu-service-menu-container\"><ul id=\"menu-service-menu\" class=\"menu\"><li id=\"menu-item-3759\" class=\"menu-item menu-item-type-post_type menu-item-object-page menu-item-3759\"><a href=\"https:\/\/saglamhayat.az\/?page_id=3518\">Tibbi biokimya<\/a><\/li>\n<li id=\"menu-item-3761\" class=\"menu-item menu-item-type-post_type menu-item-object-page menu-item-3761\"><a href=\"https:\/\/saglamhayat.az\/?page_id=3494\">\u0130mmunologiya<\/a><\/li>\n<li id=\"menu-item-3762\" class=\"menu-item menu-item-type-post_type menu-item-object-page menu-item-3762\"><a href=\"https:\/\/saglamhayat.az\/?page_id=3490\">Hematologiya<\/a><\/li>\n<li id=\"menu-item-3763\" class=\"menu-item menu-item-type-post_type menu-item-object-page menu-item-3763\"><a href=\"https:\/\/saglamhayat.az\/?page_id=3482\">Tibbi mikrobiologiya<\/a><\/li>\n<\/ul><\/div><\/div>\t\t\t\t<\/div>\n\t\t\t\t<\/div>\n\t\t\t\t\t<\/div>\n\t\t<\/div>\n\t\t\t\t<div class=\"elementor-column elementor-col-66 elementor-top-column elementor-element elementor-element-b67a8c8\" data-id=\"b67a8c8\" data-element_type=\"column\" data-e-type=\"column\">\n\t\t\t<div class=\"elementor-widget-wrap elementor-element-populated\">\n\t\t\t\t\t\t<div class=\"elementor-element elementor-element-74f2325 elementor-widget elementor-widget-image\" data-id=\"74f2325\" data-element_type=\"widget\" data-e-type=\"widget\" data-widget_type=\"image.default\">\n\t\t\t\t<div class=\"elementor-widget-container\">\n\t\t\t\t\t\t\t\t\t\t\t\t\t\t\t<img fetchpriority=\"high\" decoding=\"async\" width=\"1000\" height=\"667\" src=\"https:\/\/saglamhayat.az\/wp-content\/uploads\/2022\/08\/Immunology.jpg\" class=\"attachment-full size-full wp-image-17092\" alt=\"\" srcset=\"https:\/\/saglamhayat.az\/wp-content\/uploads\/2022\/08\/Immunology.jpg 1000w, https:\/\/saglamhayat.az\/wp-content\/uploads\/2022\/08\/Immunology-300x200.jpg 300w, https:\/\/saglamhayat.az\/wp-content\/uploads\/2022\/08\/Immunology-768x512.jpg 768w, https:\/\/saglamhayat.az\/wp-content\/uploads\/2022\/08\/Immunology-600x400.jpg 600w\" sizes=\"(max-width: 1000px) 100vw, 1000px\" \/>\t\t\t\t\t\t\t\t\t\t\t\t\t\t\t<\/div>\n\t\t\t\t<\/div>\n\t\t\t\t<div class=\"elementor-element elementor-element-6c78655 elementor-widget elementor-widget-heading\" data-id=\"6c78655\" data-element_type=\"widget\" data-e-type=\"widget\" data-widget_type=\"heading.default\">\n\t\t\t\t<div class=\"elementor-widget-container\">\n\t\t\t\t\t<h4 class=\"elementor-heading-title elementor-size-default\">\u0130mmunologiya<\/h4>\t\t\t\t<\/div>\n\t\t\t\t<\/div>\n\t\t\t\t<div class=\"elementor-element elementor-element-1332a81 elementor-widget elementor-widget-text-editor\" data-id=\"1332a81\" data-element_type=\"widget\" data-e-type=\"widget\" data-widget_type=\"text-editor.default\">\n\t\t\t\t<div class=\"elementor-widget-container\">\n\t\t\t\t\t\t\t\t\t<p>\u0130mmunologiya b\u00f6lm\u0259si klinik diaqnostika v\u0259 immunologiya sah\u0259sind\u0259 geni\u015f spektrli laborator testlerin interpretasiyas\u0131n\u0131 h\u0259yata ke\u00e7irir. Autoanticisiml\u0259rin, protein anomaliyalar\u0131n\u0131n v\u0259 mikrobial agentl\u0259r\u0259 qar\u015f\u0131 immun cavab\u0131n qiym\u0259tl\u0259dirilm\u0259si \u00fc\u00e7\u00fcn y\u00fczl\u0259rl\u0259 immunoloji analizd\u0259n istifad\u0259 olunur. \u0130mmunoloji analizl\u0259rin \u0259sas\u0131n\u0131 antigen-anticisim reaksiyas\u0131 t\u0259\u015fkil edir. Bu reaksiyan\u0131n \u0259sas\u0131nda antigen-anticisim kompleksl\u0259rinin birba\u015fa (\u201cdirect\u201d) v\u0259 dolay\u0131 (\u201cindirect\u201d) \u00fcsullarla t\u0259yini durur.<\/p><p>\u0130mmun sistemin f\u0259aliyy\u0259ti ya\u015f v\u0259 qidalanmadan as\u0131l\u0131 olaraq d\u0259yi\u015fir. \u0130mmunoloji analizl\u0259rin qiym\u0259tl\u0259ndirilm\u0259si zaman\u0131 ya\u015f, immun sistemin v\u0259ziyy\u0259ti, qidalanma pozuntular\u0131 n\u0259z\u0259r\u0259 al\u0131nmal\u0131d\u0131r.<\/p><p>Autoanticisiml\u0259r, orqanizmin immun sistemi t\u0259r\u0259find\u0259n \u00f6z h\u00fcceyr\u0259l\u0259rin\u0259 qar\u015f\u0131 sintez etdiyi anticisiml\u0259rdir. Klinik \u0259lam\u0259tl\u0259r orqandan as\u0131l\u0131 olaraq m\u00fcxt\u0259lif formada \u00f6z\u00fcn\u00fc g\u00f6st\u0259r\u0259 bil\u0259r.<\/p>\t\t\t\t\t\t\t\t<\/div>\n\t\t\t\t<\/div>\n\t\t\t\t<div class=\"elementor-element elementor-element-4b07e79 elementor-widget elementor-widget-text-editor\" data-id=\"4b07e79\" data-element_type=\"widget\" data-e-type=\"widget\" data-widget_type=\"text-editor.default\">\n\t\t\t\t<div class=\"elementor-widget-container\">\n\t\t\t\t\t\t\t\t\t<p>\u0130mmunologiyada istifad\u0259 olunan \u0259sas metodlar ELISA, elektroxemil\u00fcminessensiya, aqql\u00fctinasiya, immunofl\u00fcoressensiyad\u0131r.<\/p><p>Aqql\u00fctinasiya reaksiyas\u0131 \u2013 antigen \u2013anticisim kompleksinin \u0259m\u0259l\u0259 g\u0259lm\u0259si n\u0259tic\u0259sind\u0259 meydana \u00e7\u0131x\u0131r. Laboratoriyam\u0131zda k\u0259miyy\u0259t v\u0259 keyfiyy\u0259t aqql\u00fctinasiya testl\u0259ri i\u015fl\u0259nilir. K\u0259miyy\u0259t testl\u0259rind\u0259 n\u0259tic\u0259 titrl\u0259 verilir.<\/p><p>ELISA metodu immun kompleksl\u0259rl\u0259 \u0259laq\u0259d\u0259 olan fermentativ reaksiyan\u0131n \u00f6l\u00e7\u00fclm\u0259sin\u0259 \u0259saslan\u0131r. Ferment anticism v\u0259 ya antigenl\u0259 birl\u0259\u015fm\u0259k qabiliyy\u0259tin\u0259 malikdir.<\/p><p>Elektroxemil\u00fcminessensiya- m\u0259hlulda elektrokimy\u0259vi reaksiya n\u0259tic\u0259sind\u0259 yaranan l\u00fcminessensiyan\u0131n \u00f6l\u00e7\u00fclm\u0259sin\u0259 \u0259saslan\u0131r. Bu zaman elektrokimy\u0259vi mad\u0259l\u0259rd\u0259n ayr\u0131lan elektronlar l\u00fcminessent madd\u0259l\u0259rl\u0259 reaksiyaya girir.<\/p><p>Dolay\u0131 immunofl\u00fcoressensiya reaksiyas\u0131 zaman\u0131 iki anticisim istfad\u0259 olunur. Birinci anticisim spesifik olaraq axtar\u0131lan molekulla birl\u0259\u015fir. \u0130kinci anticisim is\u0259 \u00fcz\u0259rind\u0259 fl\u00fcofor madd\u0259 da\u015f\u0131y\u0131r v\u0259 birinci anticism\u0259 birl\u0259\u015fir. Birl\u0259\u015f\u0259n molekullar\u0131n say\u0131 \u00e7ox olduqca fl\u00fcoressensiya da o q\u0259d\u0259r g\u00fccl\u00fc olur. Bu metodun birba\u015fa fl\u00fcoressensiyadan \u0259sas \u00fcst\u00fcn c\u0259h\u0259ti ondan ibar\u0259tdir ki, ikincili anticisiml\u0259r m\u00fcxt\u0259lif n\u00f6v birincili anticisiml\u0259rl\u0259 birl\u0259\u015fm\u0259k qabiliyy\u0259tin\u0259 malik oldu\u011fundan daha geni\u015f t\u0259sir spektrli metoddur.<\/p>\t\t\t\t\t\t\t\t<\/div>\n\t\t\t\t<\/div>\n\t\t\t\t\t<\/div>\n\t\t<\/div>\n\t\t\t\t\t<\/div>\n\t\t<\/div>\n\t\t\t\t<\/div>\n\t\t","protected":false},"excerpt":{"rendered":"<p>\u0130mmunologiya \u0130mmunologiya b\u00f6lm\u0259si klinik diaqnostika v\u0259 immunologiya sah\u0259sind\u0259 geni\u015f spektrli laborator testlerin interpretasiyas\u0131n\u0131 h\u0259yata ke\u00e7irir. Autoanticisiml\u0259rin, protein anomaliyalar\u0131n\u0131n v\u0259 mikrobial agentl\u0259r\u0259 qar\u015f\u0131 immun cavab\u0131n qiym\u0259tl\u0259dirilm\u0259si \u00fc\u00e7\u00fcn y\u00fczl\u0259rl\u0259 immunoloji analizd\u0259n istifad\u0259 olunur. \u0130mmunoloji analizl\u0259rin \u0259sas\u0131n\u0131 antigen-anticisim reaksiyas\u0131 t\u0259\u015fkil edir. Bu reaksiyan\u0131n \u0259sas\u0131nda antigen-anticisim kompleksl\u0259rinin birba\u015fa (\u201cdirect\u201d) v\u0259 dolay\u0131 (\u201cindirect\u201d) \u00fcsullarla t\u0259yini durur. \u0130mmun sistemin f\u0259aliyy\u0259ti ya\u015f [&hellip;]<\/p>\n","protected":false},"author":1,"featured_media":0,"parent":0,"menu_order":0,"comment_status":"closed","ping_status":"closed","template":"","meta":{"_acf_changed":false,"footnotes":""},"class_list":["post-3494","page","type-page","status-publish","hentry"],"acf":[],"_links":{"self":[{"href":"https:\/\/saglamhayat.az\/index.php?rest_route=\/wp\/v2\/pages\/3494","targetHints":{"allow":["GET"]}}],"collection":[{"href":"https:\/\/saglamhayat.az\/index.php?rest_route=\/wp\/v2\/pages"}],"about":[{"href":"https:\/\/saglamhayat.az\/index.php?rest_route=\/wp\/v2\/types\/page"}],"author":[{"embeddable":true,"href":"https:\/\/saglamhayat.az\/index.php?rest_route=\/wp\/v2\/users\/1"}],"replies":[{"embeddable":true,"href":"https:\/\/saglamhayat.az\/index.php?rest_route=%2Fwp%2Fv2%2Fcomments&post=3494"}],"version-history":[{"count":8,"href":"https:\/\/saglamhayat.az\/index.php?rest_route=\/wp\/v2\/pages\/3494\/revisions"}],"predecessor-version":[{"id":17095,"href":"https:\/\/saglamhayat.az\/index.php?rest_route=\/wp\/v2\/pages\/3494\/revisions\/17095"}],"wp:attachment":[{"href":"https:\/\/saglamhayat.az\/index.php?rest_route=%2Fwp%2Fv2%2Fmedia&parent=3494"}],"curies":[{"name":"wp","href":"https:\/\/api.w.org\/{rel}","templated":true}]}}